mainder when 129 is divided by (-46)/k + (-3)/((-33)/361)?
30
Suppose -54*s - 4611 = -23943. Calculate the remainder when s is divided by 74.
62
What is the remainder when 674 is divided by (((-2)/12)/(9/(-3132)))/((-6)/(-3))?
7
Suppose 4*v + 20 = 4*r, -2*r - 33 = 3*v + 7. Let k = v - -27. What is the remainder when (9/(-21))/(117/(-12285)) - (1 - 1) is divided by k?
11
Calculate the remainder when 3415 is divided by (20 - 35)/((-2)/10) + -8.
65
Let i(t) = -t**2 + 18*t - 32. Calculate the remainder when 1000 is divided by i(15).
12
Let o(p) = 291*p**2 + 39*p + 38. What is the remainder when 303 is divided by o(-1)?
13
Suppose 20*u + 136*u = 39*u + 20358. What is the remainder when 870 is divided by u?
0
Suppose -k + 0 + 4 = 0. Let t be 5/(3 - k/8). Calculate the remainder when 43 is divided by 0/(-4 + t) + 23.
20
Let y(n) = 3*n - 16. Let b(p) = p - 5. Let m(s) = -24*b(s) + 3*y(s). What is the remainder when 647 is divided by m(0)?
71
Let n = -3995 + 4163. What is the remainder when 838 is divided by n?
166
Let l(j) = 4*j**2 + 44*j + 40. Calculate the remainder when l(-17) is divided by 90.
88
Let b(g) = 4*g**2 + 184*g + 355. Calculate the remainder when b(-76) is divided by 14.
11
Let z = 4390 - 3965. Calculate the remainder when z is divided by 174.
77
Suppose -12*s = -21*s + 18*s - 756. What is the remainder when 220 is divided by s?
52
Let n = -2604 + 3504. Calculate the remainder when n is divided by 319.
262
Suppose 6*m = 8103 + 26679. Suppose -m = 5*o - 36*o. Calculate the remainder when o is divided by 40.
27
Let s(x) = 39*x**3 + 5*x**2 + 33*x - 108. Calculate the remainder when s(3) is divided by 544.
1
Let f(g) = -103*g**3 - 7*g**2 + 6*g - 1. Let i be f(1). Calculate the remainder when 200 is divided by 14/i + (-1294)/(-30).
28
Let c = 24608 + -21107. What is the remainder when c is divided by 1166?
3
Suppose -17827 + 16341 = -o. What is the remainder when o is divided by 88?
78
Suppose 25 = -g + 6*g. Suppose 34 = 3*v - 11. What is the remainder when 6/v + -186*(-1)/10 is divided by g?
4
Let t(k) = 97*k - 12. What is the remainder when 429 is divided by t(1)?
4
Let l(i) = -17*i - 54. Let c(g) = -2*g + 1. Let k be (-244)/12 + (-8)/(-6). What is the remainder when l(-10) is divided by c(k)?
38
Suppose -3*u = -0*j + 2*j - 87, 0*j = -2*j. What is the remainder when 926 is divided by u?
27
Let a = 21256 - 21131. Calculate the remainder when a is divided by (1 + -36)*10/(-25).
13
Let o(b) = b**2 + 12*b + 16. Suppose 0 = 30*c - 32*c. What is the remainder when 366 is divided by o(c)?
14
Let l(f) = -f**3 - 2*f**2 - 4*f - 2. Suppose 64 = 14*s - 48. What is the remainder when s/(-10)*(-5 + -30) is divided by l(-3)?
9
Suppose 2*d + 0*d - 18 = -3*c, 3*c - 3*d = 3. Suppose -p - 2*p + 282 = 5*b, 0 = -c*p + 3*b + 376. Calculate the remainder when p is divided by 11.
6
Let v = 218 - 213. Suppose 3*a = 4*h - 51 + 9, v*h - 4*a - 52 = 0. Calculate the remainder when 26 is divided by h.
2
Let x(a) = -8*a**2 - 322*a - 74. Calculate the remainder when 9 is divided by x(-40).
3
Suppose -939 = 5*x - 1054. What is the remainder when 1123 is divided by x?
19
Let t(v) = v**3 - 82*v**2 + 79*v + 1222. Calculate the remainder when t(81) is divided by 92.
48
Let t = -8613 - -8654. What is the remainder when 861 is divided by t?
0
Let k = 3478 + -3465. What is the remainder when 31 is divided by k?
5
Let i = 2140 + -2113. What is the remainder when 1073 is divided by i?
20
Let d = 161 - 131. Suppose -3*y - 19 + 4 = 3*w, -4*y = 5*w + d. Calculate the remainder when 3 is divided by (3/15)/(4/w)*-2.
0
Suppose 0 = 5*s - 3*w - 140 - 17, -5*s + 4*w + 151 = 0. Calculate the remainder when 268 is divided by s.
23
Let f(d) = -d**3 + 8*d**2 + 5. Let q be f(8). Let y be (0*11/(-33))/(-2). Calculate the remainder when 36 is divided by q - -3 - (-2 - y).
6
Suppose -102*i + 121 = -91*i. What is the remainder when 25 is divided by i?
3
Let g(n) = -3*n**3 - 7*n**2 + 3*n - 11. Calculate the remainder when 911 is divided by g(-4).
56
Suppose c - 6*c = -25. Suppose 37 = c*d - 23. What is the remainder when d is divided by (-2 - (3 - 8)) + (6 - 4)?
2
Suppose 0 = 2*d + 26*d - 420. Suppose -3*h = d*g - 11*g - 2701, 3622 = 4*h - 5*g. Calculate the remainder when h is divided by 6.
3
Let p(g) = -2*g + 10. Let o = -151 - -215. Suppose -o - 20 = -6*l. Calculate the remainder when p(-8) is divided by l.
12
Suppose 0 = m + 186*g - 184*g - 727, -4*m = -g - 2881. What is the remainder when m is divided by 245?
231
Let b = 21 + -11. Suppose b*z - 78 - 52 = 0. Calculate the remainder when 62 is divided by z.
10
Suppose 312*t = 235*t + 5082. Calculate the remainder when 222 is divided by t.
24
Let k be (-4)/(-10) - (-365)/25. Suppose -6*v = 17 - 5. Calculate the remainder when ((-6)/k)/((-2)/670) + v is divided by 27.
24
Calculate the remainder when 9801 is divided by ((-471)/628)/((-6)/1352).
168
Let k(j) = -2*j**2 - 12*j + 7. What is the remainder when (-437)/(-4) - -7*(-3)/(-28) is divided by k(-5)?
8
Let k(r) = -r**2 + 7*r - 1. Let w be k(6). What is the remainder when (2*-9 - w)*-3 is divided by 9?
6
What is the remainder when 389 + -375 + 1856/2 is divided by 332?
278
Suppose -17*b - b = -20395 + 1423. What is the remainder when 1070 is divided by b?
16
Suppose 0 = 2*g + 15 - 25. What is the remainder when 224 is divided by 2*(g + (-30)/(-4))?
24
What is the remainder when 10/(-3)*(-17877)/118 is divided by 42?
1
Let a(d) = -d**3 - 10*d**2 - 11*d + 20. Let r be a(-9). Let t(f) = 4*f + 119. Let o be t(-23). Let c = r - o. What is the remainder when 32 is divided by c?
10
Suppose 0 = -4*s + 30 - 38, -2*q + 9386 = -5*s. Calculate the remainder when 4689 is divided by q.
1
Suppose 14*s - 19*s = 155. Let z = -20 - s. Suppose 0 = -k - 2*o + 39, 5*k - 4*o = -9*o + 200. What is the remainder when k is divided by z?
8
What is the remainder when 676 is divided by (-3)/24 + (-3 - 23207/(-184))?
61
Suppose -4*z - m + 314 = 0, -108 - 290 = -5*z - 4*m. What is the remainder when z is divided by ((-6)/(-4))/(2/4)?
0
Let r(o) = -o**3 - 8*o**2 - 11*o - 1. Let i = -15 + 9. Let a be r(i). What is the remainder when 27 is divided by (-40)/a - (-10)/35?
3
Let p = -1235 - -819. Let c = p - -433. Calculate the remainder when c is divided by 7.
3
Suppose 19*d - 76*d + 31863 = 0. Calculate the remainder when d is divided by 33.
31
Suppose 4*n - n = 45. Let c(q) = -6*q - 3. Let j be c(6). What is the remainder when 51 is divided by j*(-2 + n/9)?
12
Suppose 3*i = -5*k + 222, 5*k + 544*i = 545*i + 226. What is the remainder when 503 is divided by k?
8
Let a be -1 - 16 - (-10)/((-2)/(-1)). Let b = -2 - a. What is the remainder when 35 is divided by b?
5
Let k be (-2)/10 + 2632/35. Suppose 0 = -4*f + 37 + k. Calculate the remainder when 18 is divided by 1*f/(-12)*-3.
4
Let q(l) = l**2 - 22*l + 98. Let b be q(16). Suppose -15*d + b*w = -11*d - 288, -5*d + 5*w = -355. What is the remainder when 510 is divided by d?
72
Suppose -8*l = -l - 2016. Let r = l - 258. What is the remainder when r is divided by 10?
0
Let o(h) = 4*h - 72. Let l be o(43). Calculate the remainder when 39 is divided by 20/6*-6*(-30)/l.
3
Let u(m) be the first derivative of -m**2 - 7*m + 20. Let p(t) = t**2 + 22*t + 47. Let o be p(-19). What is the remainder when 51 is divided by u(o)?
12
Suppose -41*m = -3*m + 684. What is the remainder when 37 is divided by m/(-5)*(-1 - 91/(-21))?
1
Suppose 15 = z + 15. Suppose -3*y + 5*y = -c + 68, 4*c + 2*y - 242 = z. Let i = 27 + -12. Calculate the remainder when c is divided by i.
13
Suppose 0 = -3*u - 10 + 25. Suppose -2*y + 108 = -u*y. Calculate the remainder when (33/44)/((-1)/y) is divided by 10.
7
Calculate the remainder when (-77070)/350*-5*2 is divided by 21.
18
Suppose 100 = 25*o - 5*o. Suppose 5*r + 5*f - 1465 = 0, o*r = 2*r + 5*f + 863. Calculate the remainder when r is divided by 42.
39
What is the remainder when 311 is divided by 52 + 17/(136/(-48))?
35
Suppose -17*r = -5350 + 488. Let o = -276 + r. What is the remainder when 27 is divided by o?
7
Let m(f) = 8*f + 1. Let k(v) be the first derivative of -v**3/3 - 9*v**2 + 4*v - 9. Let r be k(-18). What is the remainder when m(r) is divided by 12?
9
Let f(a) = -a**3 - 26*a**2 + 21*a - 90. Let y be f(-27). Suppose -23*q + y = -20. Suppose -x - 4*x = -